{"id":665,"date":"2025-09-09T09:49:22","date_gmt":"2025-09-09T09:49:22","guid":{"rendered":"https:\/\/embacarp.com\/politica-de-qualitat-i-medi-ambient\/"},"modified":"2025-09-09T10:17:12","modified_gmt":"2025-09-09T10:17:12","slug":"politica-de-qualitat-i-medi-ambient","status":"publish","type":"page","link":"https:\/\/embacarp.com\/ca\/politica-de-qualitat-i-medi-ambient\/","title":{"rendered":"Pol\u00edtica de Qualitat i Medi Ambient"},"content":{"rendered":"\n<p>A <strong>Embacarp Tarraco, S.L.<\/strong> som conscients de la import\u00e0ncia d&#8217;oferir embalatges industrials que no nom\u00e9s garanteixin la seguretat en el transport, sin\u00f3 que tamb\u00e9 respectin l&#8217;entorn i compleixin amb els est\u00e0ndards de qualitat m\u00e9s alts.<\/p>\n\n<h3 class=\"wp-block-heading\">\ud83d\udfe2 Comprom\u00eds amb la qualitat<\/h3>\n\n<ul class=\"wp-block-list\">\n<li>Fabriquem embalatges a mida amb fusta <strong>nova i certificada NIMF-15<\/strong>, assegurant la lliure circulaci\u00f3 internacional de mercaderies.<\/li>\n\n\n\n<li>Tots els nostres processos estan orientats a oferir <strong>fiabilitat, resist\u00e8ncia i seguretat<\/strong> en cada producte.<\/li>\n\n\n\n<li>Apostem per la <strong>innovaci\u00f3 constant<\/strong>, incorporant tecnologies com <strong>INTERCEPT<\/strong> anticorrosi\u00f3 i sistemes reutilitzables com la <strong>Caixa ECO<\/strong>.<\/li>\n\n\n\n<li>Garantim un servei flexible i proper, adaptant-nos a les necessitats espec\u00edfiques de cada client.<\/li>\n<\/ul>\n\n<h3 class=\"wp-block-heading\">\ud83d\udfe2 Comprom\u00eds amb el medi ambient<\/h3>\n\n<ul class=\"wp-block-list\">\n<li>Utilitzem <strong>fustes procedents de plantacions sostenibles<\/strong>, contribuint a la gesti\u00f3 responsable dels recursos forestals.<\/li>\n\n\n\n<li>Fomentem solucions reutilitzables que redueixen la generaci\u00f3 de residus.<\/li>\n\n\n\n<li>Apliquem tractaments fitosanitaris segurs, minimitzant l&#8217;impacte ambiental.<\/li>\n\n\n\n<li>Promovem l&#8217;efici\u00e8ncia en els nostres processos per reduir el consum d&#8217;energia i materials.<\/li>\n<\/ul>\n\n<h3 class=\"wp-block-heading\">\ud83d\udfe2 Responsabilitat social<\/h3>\n\n<p>El nostre equip hum\u00e0 \u00e9s el motor d&#8217;Embacarp. Apostem per un entorn laboral segur, motivador i de millora cont\u00ednua, conven\u00e7uts que l&#8217;excel\u00b7l\u00e8ncia en el servei es construeix des de les persones.<\/p>\n\n<h3 class=\"wp-block-heading\">\ud83d\udfe2 Millora cont\u00ednua<\/h3>\n\n<p>Revisem peri\u00f2dicament els nostres processos i objectius de qualitat i medi ambient per adaptar-nos a les noves exig\u00e8ncies del mercat i garantir un creixement sostenible en el temps.<\/p>\n\n<hr class=\"wp-block-separator has-alpha-channel-opacity\"\/>\n\n<h3 class=\"wp-block-heading\">\ud83d\udccc Declaraci\u00f3 final<\/h3>\n\n<p><strong>A Embacarp Tarraco, S.L. treballem cada dia per ser un referent en embalatges industrials de qualitat, sostenibles i responsables amb el medi ambient, oferint confian\u00e7a i seguretat als nostres clients a tot el m\u00f3n.<\/strong><\/p>\n","protected":false},"excerpt":{"rendered":"<p>A Embacarp Tarraco, S.L. som conscients de la import\u00e0ncia d&#8217;oferir embalatges industrials que no nom\u00e9s garanteixin la seguretat en el [&hellip;]<\/p>\n","protected":false},"author":1,"featured_media":0,"parent":0,"menu_order":0,"comment_status":"closed","ping_status":"closed","template":"","meta":{"site-sidebar-layout":"default","site-content-layout":"","ast-site-content-layout":"default","site-content-style":"default","site-sidebar-style":"default","ast-global-header-display":"","ast-banner-title-visibility":"","ast-main-header-display":"","ast-hfb-above-header-display":"","ast-hfb-below-header-display":"","ast-hfb-mobile-header-display":"","site-post-title":"","ast-breadcrumbs-content":"","ast-featured-img":"","footer-sml-layout":"","ast-disable-related-posts":"","theme-transparent-header-meta":"","adv-header-id-meta":"","stick-header-meta":"","header-above-stick-meta":"","header-main-stick-meta":"","header-below-stick-meta":"","astra-migrate-meta-layouts":"default","ast-page-background-enabled":"default","ast-page-background-meta":{"desktop":{"background-color":"var(--ast-global-color-5)","background-image":"","background-repeat":"repeat","background-position":"center center","background-size":"auto","background-attachment":"scroll","background-type":"","background-media":"","overlay-type":"","overlay-color":"","overlay-opacity":"","overlay-gradient":""},"tablet":{"background-color":"","background-image":"","background-repeat":"repeat","background-position":"center center","background-size":"auto","background-attachment":"scroll","background-type":"","background-media":"","overlay-type":"","overlay-color":"","overlay-opacity":"","overlay-gradient":""},"mobile":{"background-color":"","background-image":"","background-repeat":"repeat","background-position":"center center","background-size":"auto","background-attachment":"scroll","background-type":"","background-media":"","overlay-type":"","overlay-color":"","overlay-opacity":"","overlay-gradient":""}},"ast-content-background-meta":{"desktop":{"background-color":"var(--ast-global-color-4)","background-image":"","background-repeat":"repeat","background-position":"center center","background-size":"auto","background-attachment":"scroll","background-type":"","background-media":"","overlay-type":"","overlay-color":"","overlay-opacity":"","overlay-gradient":""},"tablet":{"background-color":"var(--ast-global-color-4)","background-image":"","background-repeat":"repeat","background-position":"center center","background-size":"auto","background-attachment":"scroll","background-type":"","background-media":"","overlay-type":"","overlay-color":"","overlay-opacity":"","overlay-gradient":""},"mobile":{"background-color":"var(--ast-global-color-4)","background-image":"","background-repeat":"repeat","background-position":"center center","background-size":"auto","background-attachment":"scroll","background-type":"","background-media":"","overlay-type":"","overlay-color":"","overlay-opacity":"","overlay-gradient":""}},"footnotes":""},"class_list":["post-665","page","type-page","status-publish","hentry"],"yoast_head":"<!-- This site is optimized with the Yoast SEO plugin v27.5 - https:\/\/yoast.com\/product\/yoast-seo-wordpress\/ -->\n<title>Pol\u00edtica de Qualitat i Medi Ambient - Embacarp<\/title>\n<meta name=\"robots\" content=\"index, follow, max-snippet:-1, max-image-preview:large, max-video-preview:-1\" \/>\n<link rel=\"canonical\" href=\"https:\/\/embacarp.com\/ca\/politica-de-qualitat-i-medi-ambient\/\" \/>\n<meta property=\"og:locale\" content=\"ca_ES\" \/>\n<meta property=\"og:type\" content=\"article\" \/>\n<meta property=\"og:title\" content=\"Pol\u00edtica de Qualitat i Medi Ambient - Embacarp\" \/>\n<meta property=\"og:description\" content=\"A Embacarp Tarraco, S.L. som conscients de la import\u00e0ncia d&#8217;oferir embalatges industrials que no nom\u00e9s garanteixin la seguretat en el [&hellip;]\" \/>\n<meta property=\"og:url\" content=\"https:\/\/embacarp.com\/ca\/politica-de-qualitat-i-medi-ambient\/\" \/>\n<meta property=\"og:site_name\" content=\"Embacarp\" \/>\n<meta property=\"article:modified_time\" content=\"2025-09-09T10:17:12+00:00\" \/>\n<meta name=\"twitter:card\" content=\"summary_large_image\" \/>\n<meta name=\"twitter:label1\" content=\"Temps estimat de lectura\" \/>\n\t<meta name=\"twitter:data1\" content=\"1 minut\" \/>\n<script type=\"application\/ld+json\" class=\"yoast-schema-graph\">{\"@context\":\"https:\\\/\\\/schema.org\",\"@graph\":[{\"@type\":\"WebPage\",\"@id\":\"https:\\\/\\\/embacarp.com\\\/ca\\\/politica-de-qualitat-i-medi-ambient\\\/\",\"url\":\"https:\\\/\\\/embacarp.com\\\/ca\\\/politica-de-qualitat-i-medi-ambient\\\/\",\"name\":\"Pol\u00edtica de Qualitat i Medi Ambient - Embacarp\",\"isPartOf\":{\"@id\":\"https:\\\/\\\/embacarp.com\\\/ca\\\/#website\"},\"datePublished\":\"2025-09-09T09:49:22+00:00\",\"dateModified\":\"2025-09-09T10:17:12+00:00\",\"breadcrumb\":{\"@id\":\"https:\\\/\\\/embacarp.com\\\/ca\\\/politica-de-qualitat-i-medi-ambient\\\/#breadcrumb\"},\"inLanguage\":\"ca\",\"potentialAction\":[{\"@type\":\"ReadAction\",\"target\":[\"https:\\\/\\\/embacarp.com\\\/ca\\\/politica-de-qualitat-i-medi-ambient\\\/\"]}]},{\"@type\":\"BreadcrumbList\",\"@id\":\"https:\\\/\\\/embacarp.com\\\/ca\\\/politica-de-qualitat-i-medi-ambient\\\/#breadcrumb\",\"itemListElement\":[{\"@type\":\"ListItem\",\"position\":1,\"name\":\"Portada\",\"item\":\"https:\\\/\\\/embacarp.com\\\/ca\\\/\"},{\"@type\":\"ListItem\",\"position\":2,\"name\":\"Pol\u00edtica de Qualitat i Medi Ambient\"}]},{\"@type\":\"WebSite\",\"@id\":\"https:\\\/\\\/embacarp.com\\\/ca\\\/#website\",\"url\":\"https:\\\/\\\/embacarp.com\\\/ca\\\/\",\"name\":\"Embacarp\",\"description\":\"Embacarp fabrica embalajes de madera certificados NIMF-15: cajas, palets y soluciones industriales a medida para transporte seguro y sostenible.\",\"publisher\":{\"@id\":\"https:\\\/\\\/embacarp.com\\\/ca\\\/#organization\"},\"potentialAction\":[{\"@type\":\"SearchAction\",\"target\":{\"@type\":\"EntryPoint\",\"urlTemplate\":\"https:\\\/\\\/embacarp.com\\\/ca\\\/?s={search_term_string}\"},\"query-input\":{\"@type\":\"PropertyValueSpecification\",\"valueRequired\":true,\"valueName\":\"search_term_string\"}}],\"inLanguage\":\"ca\"},{\"@type\":\"Organization\",\"@id\":\"https:\\\/\\\/embacarp.com\\\/ca\\\/#organization\",\"name\":\"Embacarp S.L.U.\",\"url\":\"https:\\\/\\\/embacarp.com\\\/ca\\\/\",\"logo\":{\"@type\":\"ImageObject\",\"inLanguage\":\"ca\",\"@id\":\"https:\\\/\\\/embacarp.com\\\/ca\\\/#\\\/schema\\\/logo\\\/image\\\/\",\"url\":\"https:\\\/\\\/embacarp.com\\\/wp-content\\\/uploads\\\/2020\\\/05\\\/logoembacarp.png\",\"contentUrl\":\"https:\\\/\\\/embacarp.com\\\/wp-content\\\/uploads\\\/2020\\\/05\\\/logoembacarp.png\",\"width\":519,\"height\":83,\"caption\":\"Embacarp S.L.U.\"},\"image\":{\"@id\":\"https:\\\/\\\/embacarp.com\\\/ca\\\/#\\\/schema\\\/logo\\\/image\\\/\"}}]}<\/script>\n<!-- \/ Yoast SEO plugin. -->","yoast_head_json":{"title":"Pol\u00edtica de Qualitat i Medi Ambient - Embacarp","robots":{"index":"index","follow":"follow","max-snippet":"max-snippet:-1","max-image-preview":"max-image-preview:large","max-video-preview":"max-video-preview:-1"},"canonical":"https:\/\/embacarp.com\/ca\/politica-de-qualitat-i-medi-ambient\/","og_locale":"ca_ES","og_type":"article","og_title":"Pol\u00edtica de Qualitat i Medi Ambient - Embacarp","og_description":"A Embacarp Tarraco, S.L. som conscients de la import\u00e0ncia d&#8217;oferir embalatges industrials que no nom\u00e9s garanteixin la seguretat en el [&hellip;]","og_url":"https:\/\/embacarp.com\/ca\/politica-de-qualitat-i-medi-ambient\/","og_site_name":"Embacarp","article_modified_time":"2025-09-09T10:17:12+00:00","twitter_card":"summary_large_image","twitter_misc":{"Temps estimat de lectura":"1 minut"},"schema":{"@context":"https:\/\/schema.org","@graph":[{"@type":"WebPage","@id":"https:\/\/embacarp.com\/ca\/politica-de-qualitat-i-medi-ambient\/","url":"https:\/\/embacarp.com\/ca\/politica-de-qualitat-i-medi-ambient\/","name":"Pol\u00edtica de Qualitat i Medi Ambient - Embacarp","isPartOf":{"@id":"https:\/\/embacarp.com\/ca\/#website"},"datePublished":"2025-09-09T09:49:22+00:00","dateModified":"2025-09-09T10:17:12+00:00","breadcrumb":{"@id":"https:\/\/embacarp.com\/ca\/politica-de-qualitat-i-medi-ambient\/#breadcrumb"},"inLanguage":"ca","potentialAction":[{"@type":"ReadAction","target":["https:\/\/embacarp.com\/ca\/politica-de-qualitat-i-medi-ambient\/"]}]},{"@type":"BreadcrumbList","@id":"https:\/\/embacarp.com\/ca\/politica-de-qualitat-i-medi-ambient\/#breadcrumb","itemListElement":[{"@type":"ListItem","position":1,"name":"Portada","item":"https:\/\/embacarp.com\/ca\/"},{"@type":"ListItem","position":2,"name":"Pol\u00edtica de Qualitat i Medi Ambient"}]},{"@type":"WebSite","@id":"https:\/\/embacarp.com\/ca\/#website","url":"https:\/\/embacarp.com\/ca\/","name":"Embacarp","description":"Embacarp fabrica embalajes de madera certificados NIMF-15: cajas, palets y soluciones industriales a medida para transporte seguro y sostenible.","publisher":{"@id":"https:\/\/embacarp.com\/ca\/#organization"},"potentialAction":[{"@type":"SearchAction","target":{"@type":"EntryPoint","urlTemplate":"https:\/\/embacarp.com\/ca\/?s={search_term_string}"},"query-input":{"@type":"PropertyValueSpecification","valueRequired":true,"valueName":"search_term_string"}}],"inLanguage":"ca"},{"@type":"Organization","@id":"https:\/\/embacarp.com\/ca\/#organization","name":"Embacarp S.L.U.","url":"https:\/\/embacarp.com\/ca\/","logo":{"@type":"ImageObject","inLanguage":"ca","@id":"https:\/\/embacarp.com\/ca\/#\/schema\/logo\/image\/","url":"https:\/\/embacarp.com\/wp-content\/uploads\/2020\/05\/logoembacarp.png","contentUrl":"https:\/\/embacarp.com\/wp-content\/uploads\/2020\/05\/logoembacarp.png","width":519,"height":83,"caption":"Embacarp S.L.U."},"image":{"@id":"https:\/\/embacarp.com\/ca\/#\/schema\/logo\/image\/"}}]}},"_links":{"self":[{"href":"https:\/\/embacarp.com\/ca\/wp-json\/wp\/v2\/pages\/665","targetHints":{"allow":["GET"]}}],"collection":[{"href":"https:\/\/embacarp.com\/ca\/wp-json\/wp\/v2\/pages"}],"about":[{"href":"https:\/\/embacarp.com\/ca\/wp-json\/wp\/v2\/types\/page"}],"author":[{"embeddable":true,"href":"https:\/\/embacarp.com\/ca\/wp-json\/wp\/v2\/users\/1"}],"replies":[{"embeddable":true,"href":"https:\/\/embacarp.com\/ca\/wp-json\/wp\/v2\/comments?post=665"}],"version-history":[{"count":1,"href":"https:\/\/embacarp.com\/ca\/wp-json\/wp\/v2\/pages\/665\/revisions"}],"predecessor-version":[{"id":666,"href":"https:\/\/embacarp.com\/ca\/wp-json\/wp\/v2\/pages\/665\/revisions\/666"}],"wp:attachment":[{"href":"https:\/\/embacarp.com\/ca\/wp-json\/wp\/v2\/media?parent=665"}],"curies":[{"name":"wp","href":"https:\/\/api.w.org\/{rel}","templated":true}]}}

Política de Qualitat i Medi Ambient

<p>A <strong>Embacarp Tarraco, S.L.</strong> som conscients de la importància d&#8217;oferir embalatges industrials que no només garanteixin la seguretat en el transport, sinó que també respectin l&#8217;entorn i compleixin amb els estàndards de qualitat més alts.</p>

<h3 class="wp-block-heading">🟢 Compromís amb la qualitat</h3>

<ul class="wp-block-list">
<li>Fabriquem embalatges a mida amb fusta <strong>nova i certificada NIMF-15</strong>, assegurant la lliure circulació internacional de mercaderies.</li>



<li>Tots els nostres processos estan orientats a oferir <strong>fiabilitat, resistència i seguretat</strong> en cada producte.</li>



<li>Apostem per la <strong>innovació constant</strong>, incorporant tecnologies com <strong>INTERCEPT</strong> anticorrosió i sistemes reutilitzables com la <strong>Caixa ECO</strong>.</li>



<li>Garantim un servei flexible i proper, adaptant-nos a les necessitats específiques de cada client.</li>
</ul>

<h3 class="wp-block-heading">🟢 Compromís amb el medi ambient</h3>

<ul class="wp-block-list">
<li>Utilitzem <strong>fustes procedents de plantacions sostenibles</strong>, contribuint a la gestió responsable dels recursos forestals.</li>



<li>Fomentem solucions reutilitzables que redueixen la generació de residus.</li>



<li>Apliquem tractaments fitosanitaris segurs, minimitzant l&#8217;impacte ambiental.</li>



<li>Promovem l&#8217;eficiència en els nostres processos per reduir el consum d&#8217;energia i materials.</li>
</ul>

<h3 class="wp-block-heading">🟢 Responsabilitat social</h3>

<p>El nostre equip humà és el motor d&#8217;Embacarp. Apostem per un entorn laboral segur, motivador i de millora contínua, convençuts que l&#8217;excel·lència en el servei es construeix des de les persones.</p>

<h3 class="wp-block-heading">🟢 Millora contínua</h3>

<p>Revisem periòdicament els nostres processos i objectius de qualitat i medi ambient per adaptar-nos a les noves exigències del mercat i garantir un creixement sostenible en el temps.</p>

<hr class="wp-block-separator has-alpha-channel-opacity"/>

<h3 class="wp-block-heading">📌 Declaració final</h3>

<p><strong>A Embacarp Tarraco, S.L. treballem cada dia per ser un referent en embalatges industrials de qualitat, sostenibles i responsables amb el medi ambient, oferint confiança i seguretat als nostres clients a tot el món.</strong></p>

<p>A Embacarp Tarraco, S.L. som conscients de la importància d&#8217;oferir embalatges industrials que no només garanteixin la seguretat en el [&hellip;]</p>

<!-- This site is optimized with the Yoast SEO plugin v27.5 - https://yoast.com/product/yoast-seo-wordpress/ -->
<title>Política de Qualitat i Medi Ambient - Embacarp</title>
<meta name="robots" content="index, follow, max-snippet:-1, max-image-preview:large, max-video-preview:-1" />
<link rel="canonical" href="https://embacarp.com/ca/politica-de-qualitat-i-medi-ambient/" />
<meta property="og:locale" content="ca_ES" />
<meta property="og:type" content="article" />
<meta property="og:title" content="Política de Qualitat i Medi Ambient - Embacarp" />
<meta property="og:description" content="A Embacarp Tarraco, S.L. som conscients de la importància d&#8217;oferir embalatges industrials que no només garanteixin la seguretat en el [&hellip;]" />
<meta property="og:url" content="https://embacarp.com/ca/politica-de-qualitat-i-medi-ambient/" />
<meta property="og:site_name" content="Embacarp" />
<meta property="article:modified_time" content="2025-09-09T10:17:12+00:00" />
<meta name="twitter:card" content="summary_large_image" />
<meta name="twitter:label1" content="Temps estimat de lectura" />
	<meta name="twitter:data1" content="1 minut" />
<script type="application/ld+json" class="yoast-schema-graph">{"@context":"https:\/\/schema.org","@graph":[{"@type":"WebPage","@id":"https:\/\/embacarp.com\/ca\/politica-de-qualitat-i-medi-ambient\/","url":"https:\/\/embacarp.com\/ca\/politica-de-qualitat-i-medi-ambient\/","name":"Política de Qualitat i Medi Ambient - Embacarp","isPartOf":{"@id":"https:\/\/embacarp.com\/ca\/#website"},"datePublished":"2025-09-09T09:49:22+00:00","dateModified":"2025-09-09T10:17:12+00:00","breadcrumb":{"@id":"https:\/\/embacarp.com\/ca\/politica-de-qualitat-i-medi-ambient\/#breadcrumb"},"inLanguage":"ca","potentialAction":[{"@type":"ReadAction","target":["https:\/\/embacarp.com\/ca\/politica-de-qualitat-i-medi-ambient\/"]}]},{"@type":"BreadcrumbList","@id":"https:\/\/embacarp.com\/ca\/politica-de-qualitat-i-medi-ambient\/#breadcrumb","itemListElement":[{"@type":"ListItem","position":1,"name":"Portada","item":"https:\/\/embacarp.com\/ca\/"},{"@type":"ListItem","position":2,"name":"Política de Qualitat i Medi Ambient"}]},{"@type":"WebSite","@id":"https:\/\/embacarp.com\/ca\/#website","url":"https:\/\/embacarp.com\/ca\/","name":"Embacarp","description":"Embacarp fabrica embalajes de madera certificados NIMF-15: cajas, palets y soluciones industriales a medida para transporte seguro y sostenible.","publisher":{"@id":"https:\/\/embacarp.com\/ca\/#organization"},"potentialAction":[{"@type":"SearchAction","target":{"@type":"EntryPoint","urlTemplate":"https:\/\/embacarp.com\/ca\/?s={search_term_string}"},"query-input":{"@type":"PropertyValueSpecification","valueRequired":true,"valueName":"search_term_string"}}],"inLanguage":"ca"},{"@type":"Organization","@id":"https:\/\/embacarp.com\/ca\/#organization","name":"Embacarp S.L.U.","url":"https:\/\/embacarp.com\/ca\/","logo":{"@type":"ImageObject","inLanguage":"ca","@id":"https:\/\/embacarp.com\/ca\/#\/schema\/logo\/image\/","url":"https:\/\/embacarp.com\/wp-content\/uploads\/2020\/05\/logoembacarp.png","contentUrl":"https:\/\/embacarp.com\/wp-content\/uploads\/2020\/05\/logoembacarp.png","width":519,"height":83,"caption":"Embacarp S.L.U."},"image":{"@id":"https:\/\/embacarp.com\/ca\/#\/schema\/logo\/image\/"}}]}</script>
<!-- / Yoast SEO plugin. -->

Política de Qualitat i Medi Ambient - Embacarp

A Embacarp Tarraco, S.L. som conscients de la importància d&#8217;oferir embalatges industrials que no només garanteixin la seguretat en el [&hellip;]
